{"id":8,"date":"2023-04-03T13:54:38","date_gmt":"2023-04-03T16:54:38","guid":{"rendered":"http:\/\/soluacaocomex.com.br\/?page_id=8"},"modified":"2023-04-25T18:01:39","modified_gmt":"2023-04-25T21:01:39","slug":"pagina-inicial","status":"publish","type":"page","link":"https:\/\/solucaocomex.com.br\/","title":{"rendered":"Pagina Inicial"},"content":{"rendered":"\n<div class=\"wp-block-cover alignfull\" style=\"min-height:700px;aspect-ratio:unset;\"><span aria-hidden=\"true\" class=\"wp-block-cover__background has-nv-site-bg-background-color has-background-dim-0 has-background-dim\"><\/span><img loading=\"lazy\" decoding=\"async\" width=\"1439\" height=\"1169\" class=\"wp-block-cover__image-background wp-image-42\" alt=\"\" src=\"http:\/\/solucaocomex.com.br\/wp-content\/uploads\/2023\/04\/comexini2-e1680931848750.jpeg\" style=\"object-position:51% 48%\" data-object-fit=\"cover\" data-object-position=\"51% 48%\" srcset=\"https:\/\/solucaocomex.com.br\/wp-content\/uploads\/2023\/04\/comexini2-e1680931848750.jpeg 1439w, https:\/\/solucaocomex.com.br\/wp-content\/uploads\/2023\/04\/comexini2-e1680931848750-300x244.jpeg 300w, https:\/\/solucaocomex.com.br\/wp-content\/uploads\/2023\/04\/comexini2-e1680931848750-1024x832.jpeg 1024w, https:\/\/solucaocomex.com.br\/wp-content\/uploads\/2023\/04\/comexini2-e1680931848750-768x624.jpeg 768w\" sizes=\"auto, (max-width: 1439px) 100vw, 1439px\" \/><div class=\"wp-block-cover__inner-container is-layout-flow wp-block-cover-is-layout-flow\">\n<h2 class=\"wp-block-heading alignwide has-text-align-left has-text-color\" style=\"color:#121212\"><img decoding=\"async\" class=\"wp-image-70\" style=\"width: 450px;\" src=\"http:\/\/solucaocomex.com.br\/wp-content\/uploads\/2023\/04\/this2.png\" alt=\"\"><\/h2>\n\n\n\n<p><\/p>\n<\/div><\/div>\n\n\n\n<div style=\"height:80px\" aria-hidden=\"true\" class=\"wp-block-spacer\"><\/div>\n\n\n\n<h2 class=\"wp-block-heading has-text-align-center\">Pol\u00edticas de Qualidade<\/h2>\n\n\n\n<div class=\"wp-block-columns is-layout-flex wp-container-core-columns-is-layout-9d6595d7 wp-block-columns-is-layout-flex\">\n<div class=\"wp-block-column is-layout-flow wp-block-column-is-layout-flow\"><div class=\"wp-block-image icon-style is-style-default\">\n<figure class=\"aligncenter size-large\"><img decoding=\"async\" src=\"http:\/\/solucaocomex.com.br\/wp-content\/themes\/neve\/assets\/img\/starter-content\/icon-03.svg\" alt=\"\"\/><\/figure>\n<\/div>\n\n\n<p class=\"has-text-align-center\">Suprir todas as necessidades de equipamentos e transporte de nossos clientes<\/p>\n\n\n\n<div style=\"height:20px\" aria-hidden=\"true\" class=\"wp-block-spacer\"><\/div>\n<\/div>\n\n\n\n<div class=\"wp-block-column is-layout-flow wp-block-column-is-layout-flow\"><div class=\"wp-block-image icon-style is-style-default\">\n<figure class=\"aligncenter size-large\"><img decoding=\"async\" src=\"http:\/\/solucaocomex.com.br\/wp-content\/themes\/neve\/assets\/img\/starter-content\/icon-03.svg\" alt=\"\"\/><\/figure>\n<\/div>\n\n\n<p class=\"has-text-align-center\">Transportar todos os produtos de nossos clientes com Agilidade e Seguran\u00e7a.<\/p>\n\n\n\n<div style=\"height:20px\" aria-hidden=\"true\" class=\"wp-block-spacer\"><\/div>\n<\/div>\n\n\n\n<div class=\"wp-block-column is-layout-flow wp-block-column-is-layout-flow\"><div class=\"wp-block-image icon-style is-style-default\">\n<figure class=\"aligncenter size-large\"><img decoding=\"async\" src=\"http:\/\/solucaocomex.com.br\/wp-content\/themes\/neve\/assets\/img\/starter-content\/icon-03.svg\" alt=\"\"\/><\/figure>\n<\/div>\n\n\n<p class=\"has-text-align-center\">Garantir a total satisfa\u00e7\u00e3o de nossos clientes.<\/p>\n\n\n\n<div style=\"height:20px\" aria-hidden=\"true\" class=\"wp-block-spacer\"><\/div>\n<\/div>\n<\/div>\n\n\n\n<div style=\"height:80px\" aria-hidden=\"true\" class=\"wp-block-spacer\"><\/div>\n\n\n\n<div class=\"wp-block-cover alignfull is-light wp-duotone-var--nv-primary-accent-var--nv-dark-bg-1\" style=\"min-height:600px;aspect-ratio:unset;\"><span aria-hidden=\"true\" class=\"wp-block-cover__background has-nv-light-bg-background-color has-background-dim\"><\/span><img loading=\"lazy\" decoding=\"async\" width=\"30\" height=\"31\" class=\"wp-block-cover__image-background wp-image-7\" alt=\"\" src=\"http:\/\/solucaocomex.com.br\/wp-content\/uploads\/2023\/04\/logo-agency-e1680929466532.png\" data-object-fit=\"cover\"\/><div class=\"wp-block-cover__inner-container is-layout-flow wp-block-cover-is-layout-flow\">\n<div class=\"wp-block-group\"><div class=\"wp-block-group__inner-container is-layout-flow wp-block-group-is-layout-flow\">\n<div style=\"height:80px\" aria-hidden=\"true\" class=\"wp-block-spacer\"><\/div>\n\n\n\n<div class=\"wp-block-columns are-vertically-aligned-center is-layout-flex wp-container-core-columns-is-layout-9d6595d7 wp-block-columns-is-layout-flex\">\n<div class=\"wp-block-column is-vertically-aligned-center is-layout-flow wp-block-column-is-layout-flow\" style=\"flex-basis:50%\">\n<figure class=\"wp-block-image size-large\"><img decoding=\"async\" src=\"http:\/\/solucaocomex.com.br\/wp-content\/uploads\/2023\/04\/caminhaoComex.jpg\" alt=\"\"\/><\/figure>\n<\/div>\n\n\n\n<div class=\"wp-block-column is-vertically-aligned-center is-layout-flow wp-block-column-is-layout-flow\" style=\"flex-basis:50%\">\n<div style=\"height:20px\" aria-hidden=\"true\" class=\"wp-block-spacer\"><\/div>\n\n\n\n<h2 class=\"wp-block-heading has-text-align-left has-neve-text-color-color has-text-color\">Atua\u00e7\u00e3o<\/h2>\n\n\n\n<p><mark style=\"background-color:rgba(0, 0, 0, 0)\" class=\"has-inline-color has-nv-dark-bg-color\">Trabalhamos com Carga Fechada, ou seja, disponibilizamos um veiculo destinado exclusivamente para sua mercadoria, neste processo garantimos agilidade na retirada e rapidez na entrega e, principalmente, tranquilidade no que se refere \u00e0 seguran\u00e7a de sua carga.<\/mark><\/p>\n\n\n\n<p><mark style=\"background-color:rgba(0, 0, 0, 0)\" class=\"has-inline-color has-nv-dark-bg-color\"><strong>Ve\u00edculos: Fiorino, Van, \u00be, Toco, Truck e Carreta.<\/strong><\/mark><\/p>\n<\/div>\n<\/div>\n\n\n\n<div style=\"height:40px\" aria-hidden=\"true\" class=\"wp-block-spacer\"><\/div>\n<\/div><\/div>\n<\/div><\/div>\n\n\n\n<div class=\"wp-block-cover alignfull\" style=\"min-height:600px;aspect-ratio:unset;\"><span aria-hidden=\"true\" class=\"wp-block-cover__background has-nv-site-bg-background-color has-background-dim-100 has-background-dim\"><\/span><div class=\"wp-block-cover__inner-container is-layout-flow wp-block-cover-is-layout-flow\">\n<div class=\"wp-block-group\"><div class=\"wp-block-group__inner-container is-layout-flow wp-block-group-is-layout-flow\">\n<div style=\"height:80px\" aria-hidden=\"true\" class=\"wp-block-spacer\"><\/div>\n\n\n\n<div class=\"wp-block-columns are-vertically-aligned-center is-layout-flex wp-container-core-columns-is-layout-9d6595d7 wp-block-columns-is-layout-flex\">\n<div class=\"wp-block-column is-vertically-aligned-center is-layout-flow wp-block-column-is-layout-flow\" style=\"flex-basis:50%\">\n<h2 class=\"wp-block-heading has-text-align-left has-neve-text-color-color has-text-color\">Estrutura<\/h2>\n\n\n\n<p>     <mark style=\"background-color:rgba(0, 0, 0, 0)\" class=\"has-inline-color has-nv-dark-bg-color\">A Solu\u00e7\u00e3o Com\u00e9rcio Exterior &amp; Transporte possui uma estrutura com escrit\u00f3rio moderno e equipado com todas as ferramentas necess\u00e1rias e toda a infraestrutura direcionada ao transporte.<br>    Nossa estrutura \u00e9 informatizada garantindo assim a total precis\u00e3o em tudo que a Solu\u00e7\u00e3o Com\u00e9rcio Exterior &amp; Transporte negocia com seus clientes garantindo qualidade em seus servi\u00e7os; Funcion\u00e1rios dispon\u00edveis 24h da central de opera\u00e7\u00f5es, atuando nos casos de urg\u00eancias e emerg\u00eancias.<br>    Avalia\u00e7\u00e3o permanente garantindo nossa operacionalidade.<br>Destaca-se<\/mark><\/p>\n\n\n\n<ul class=\"wp-block-list\">\n<li><mark style=\"background-color:rgba(0, 0, 0, 0)\" class=\"has-inline-color has-nv-dark-bg-color\">Aumento de produtividade;<\/mark><\/li>\n\n\n\n<li><mark style=\"background-color:rgba(0, 0, 0, 0)\" class=\"has-inline-color has-nv-dark-bg-color\">Organiza\u00e7\u00e3o de frota;<\/mark><\/li>\n\n\n\n<li><mark style=\"background-color:rgba(0, 0, 0, 0)\" class=\"has-inline-color has-nv-dark-bg-color\">Otimiza\u00e7\u00e3o de rota;<\/mark><\/li>\n\n\n\n<li><mark style=\"background-color:rgba(0, 0, 0, 0)\" class=\"has-inline-color has-nv-dark-bg-color\">Roteiriza\u00e7\u00e3o de coletas\/entregas;<\/mark><\/li>\n<\/ul>\n\n\n\n<div style=\"height:40px\" aria-hidden=\"true\" class=\"wp-block-spacer\"><\/div>\n<\/div>\n\n\n\n<div class=\"wp-block-column is-vertically-aligned-center is-layout-flow wp-block-column-is-layout-flow\" style=\"flex-basis:50%\">\n<figure class=\"wp-block-image size-full\"><img loading=\"lazy\" decoding=\"async\" width=\"600\" height=\"601\" src=\"http:\/\/solucaocomex.com.br\/wp-content\/uploads\/2023\/04\/Screenshot-from-2023-04-03-14-21-45.png\" alt=\"\" class=\"wp-image-29\" srcset=\"https:\/\/solucaocomex.com.br\/wp-content\/uploads\/2023\/04\/Screenshot-from-2023-04-03-14-21-45.png 600w, https:\/\/solucaocomex.com.br\/wp-content\/uploads\/2023\/04\/Screenshot-from-2023-04-03-14-21-45-300x300.png 300w, https:\/\/solucaocomex.com.br\/wp-content\/uploads\/2023\/04\/Screenshot-from-2023-04-03-14-21-45-150x150.png 150w\" sizes=\"auto, (max-width: 600px) 100vw, 600px\" \/><\/figure>\n<\/div>\n<\/div>\n\n\n\n<div style=\"height:40px\" aria-hidden=\"true\" class=\"wp-block-spacer\"><\/div>\n<\/div><\/div>\n<\/div><\/div>\n\n\n\n<div class=\"wp-block-cover alignfull\" style=\"min-height:600px;aspect-ratio:unset;\"><span aria-hidden=\"true\" class=\"wp-block-cover__background has-nv-dark-bg-background-color has-background-dim-100 has-background-dim\"><\/span><div class=\"wp-block-cover__inner-container is-layout-flow wp-block-cover-is-layout-flow\">\n<div class=\"wp-block-group\"><div class=\"wp-block-group__inner-container is-layout-flow wp-block-group-is-layout-flow\">\n<div style=\"height:80px\" aria-hidden=\"true\" class=\"wp-block-spacer\"><\/div>\n\n\n\n<div class=\"wp-block-columns are-vertically-aligned-center is-layout-flex wp-container-core-columns-is-layout-9d6595d7 wp-block-columns-is-layout-flex\">\n<div class=\"wp-block-column is-vertically-aligned-center is-layout-flow wp-block-column-is-layout-flow\" style=\"flex-basis:50%\">\n<figure class=\"wp-block-image size-large\"><img decoding=\"async\" src=\"http:\/\/solucaocomex.com.br\/wp-content\/uploads\/2023\/04\/comexGuincho.jpg\" alt=\"\"\/><\/figure>\n<\/div>\n\n\n\n<div class=\"wp-block-column is-vertically-aligned-center is-layout-flow wp-block-column-is-layout-flow\" style=\"flex-basis:50%\">\n<div style=\"height:40px\" aria-hidden=\"true\" class=\"wp-block-spacer\"><\/div>\n\n\n\n<h2 class=\"wp-block-heading has-text-align-left has-nv-text-dark-bg-color has-text-color\">Diferencial<\/h2>\n\n\n\n<p class=\"has-text-align-left has-nv-text-dark-bg-color has-text-color\" style=\"font-size:17px\">Dedica\u00e7\u00e3o no atendimento: informa\u00e7\u00f5es e negocia\u00e7\u00f5es com o cliente.<\/p>\n\n\n\n<p>o objetivo n\u00e3o \u00e9 apenas prestar servi\u00e7os de transporte, mas tamb\u00e9m, conquistar e fidelizar todos os clientes, captando novos parceiros. Desta forma, prezamos padr\u00f5es de qualidade em todos os processos de transporte, desde a retirada at\u00e9 a entrega do produto no destino, tendo como resultado final a total solu\u00e7\u00e3o do que propusemos fazer, bem como a completa satisfa\u00e7\u00e3o do cliente.<\/p>\n\n\n\n<div class=\"wp-block-buttons is-content-justification-left is-layout-flex wp-container-core-buttons-is-layout-fdcfc74e wp-block-buttons-is-layout-flex\"><\/div>\n<\/div>\n<\/div>\n\n\n\n<div style=\"height:40px\" aria-hidden=\"true\" class=\"wp-block-spacer\"><\/div>\n<\/div><\/div>\n<\/div><\/div>\n\n\n\n<div class=\"wp-block-cover alignfull\" style=\"min-height:600px;aspect-ratio:unset;\"><span aria-hidden=\"true\" class=\"wp-block-cover__background has-nv-site-bg-background-color has-background-dim-100 has-background-dim\"><\/span><div class=\"wp-block-cover__inner-container is-layout-flow wp-block-cover-is-layout-flow\">\n<div class=\"wp-block-group\"><div class=\"wp-block-group__inner-container is-layout-flow wp-block-group-is-layout-flow\">\n<div style=\"height:80px\" aria-hidden=\"true\" class=\"wp-block-spacer\"><\/div>\n\n\n\n<div class=\"wp-block-columns are-vertically-aligned-center is-layout-flex wp-container-core-columns-is-layout-9d6595d7 wp-block-columns-is-layout-flex\">\n<div class=\"wp-block-column is-vertically-aligned-center is-layout-flow wp-block-column-is-layout-flow\" style=\"flex-basis:50%\">\n<h2 class=\"wp-block-heading has-text-align-left has-neve-text-color-color has-text-color\">Estrutura<\/h2>\n\n\n\n<p>     <mark style=\"background-color:rgba(0, 0, 0, 0)\" class=\"has-inline-color has-nv-dark-bg-color\">A Solu\u00e7\u00e3o Com\u00e9rcio Exterior &amp; Transporte possui uma estrutura com escrit\u00f3rio moderno e equipado com todas as ferramentas necess\u00e1rias e toda a infraestrutura direcionada ao transporte.<br>    Nossa estrutura \u00e9 informatizada garantindo assim a total precis\u00e3o em tudo que a Solu\u00e7\u00e3o Com\u00e9rcio Exterior &amp; Transporte negocia com seus clientes garantindo qualidade em seus servi\u00e7os; Funcion\u00e1rios dispon\u00edveis 24h da central de opera\u00e7\u00f5es, atuando nos casos de urg\u00eancias e emerg\u00eancias.<br>    Avalia\u00e7\u00e3o permanente garantindo nossa operacionalidade.<br>Destaca-se<\/mark><\/p>\n\n\n\n<ul class=\"wp-block-list\">\n<li><mark style=\"background-color:rgba(0, 0, 0, 0)\" class=\"has-inline-color has-nv-dark-bg-color\">Aumento de produtividade;<\/mark><\/li>\n\n\n\n<li><mark style=\"background-color:rgba(0, 0, 0, 0)\" class=\"has-inline-color has-nv-dark-bg-color\">Organiza\u00e7\u00e3o de frota;<\/mark><\/li>\n\n\n\n<li><mark style=\"background-color:rgba(0, 0, 0, 0)\" class=\"has-inline-color has-nv-dark-bg-color\">Otimiza\u00e7\u00e3o de rota;<\/mark><\/li>\n\n\n\n<li><mark style=\"background-color:rgba(0, 0, 0, 0)\" class=\"has-inline-color has-nv-dark-bg-color\">Roteiriza\u00e7\u00e3o de coletas\/entregas;<\/mark><\/li>\n<\/ul>\n\n\n\n<div style=\"height:40px\" aria-hidden=\"true\" class=\"wp-block-spacer\"><\/div>\n<\/div>\n\n\n\n<div class=\"wp-block-column is-vertically-aligned-center is-layout-flow wp-block-column-is-layout-flow\" style=\"flex-basis:50%\">\n<figure class=\"wp-block-image size-full\"><img loading=\"lazy\" decoding=\"async\" width=\"600\" height=\"601\" src=\"http:\/\/solucaocomex.com.br\/wp-content\/uploads\/2023\/04\/Screenshot-from-2023-04-03-14-21-45.png\" alt=\"\" class=\"wp-image-29\" srcset=\"https:\/\/solucaocomex.com.br\/wp-content\/uploads\/2023\/04\/Screenshot-from-2023-04-03-14-21-45.png 600w, https:\/\/solucaocomex.com.br\/wp-content\/uploads\/2023\/04\/Screenshot-from-2023-04-03-14-21-45-300x300.png 300w, https:\/\/solucaocomex.com.br\/wp-content\/uploads\/2023\/04\/Screenshot-from-2023-04-03-14-21-45-150x150.png 150w\" sizes=\"auto, (max-width: 600px) 100vw, 600px\" \/><\/figure>\n<\/div>\n<\/div>\n\n\n\n<div style=\"height:40px\" aria-hidden=\"true\" class=\"wp-block-spacer\"><\/div>\n<\/div><\/div>\n<\/div><\/div>\n\n\n\n<div class=\"wp-block-cover alignfull\" style=\"min-height:300px;aspect-ratio:unset;\"><span aria-hidden=\"true\" class=\"wp-block-cover__background has-nv-dark-bg-background-color has-background-dim-100 has-background-dim\"><\/span><div class=\"wp-block-cover__inner-container is-layout-flow wp-block-cover-is-layout-flow\">\n<div style=\"height:140px\" aria-hidden=\"true\" class=\"wp-block-spacer\"><\/div>\n\n\n\n<h2 class=\"wp-block-heading has-text-align-center has-nv-text-dark-bg-color has-text-color\">Estamos \u00e0 disposi\u00e7\u00e3o para qualquer esclarecimento.<\/h2>\n\n\n\n<p class=\"has-text-align-center has-medium-font-size\">Atenciosamente:<\/p>\n\n\n\n<div class=\"wp-block-buttons is-content-justification-center is-layout-flex wp-container-core-buttons-is-layout-16018d1d wp-block-buttons-is-layout-flex\">\n<div class=\"wp-block-button is-style-primary\"><a class=\"wp-block-button__link wp-element-button\" href=\"#\">contato comex<\/a><\/div>\n<\/div>\n\n\n\n<p class=\"has-text-align-center\">Rua Domingas Scroccaro Marochi 379 S Jose dos Pinhais<\/p>\n\n\n\n<p class=\"has-text-align-center\"> Tel (41) 3382-3300 <\/p>\n\n\n\n<p class=\"has-text-align-center\"> Email: comercial@solucaocomex.com.br<\/p>\n\n\n\n<div style=\"height:140px\" aria-hidden=\"true\" class=\"wp-block-spacer\"><\/div>\n<\/div><\/div>\n","protected":false},"excerpt":{"rendered":"<p>Pol\u00edticas de Qualidade Suprir todas as necessidades de equipamentos e transporte de nossos clientes Transportar todos os produtos de nossos clientes com Agilidade e Seguran\u00e7a. Garantir a total satisfa\u00e7\u00e3o de nossos clientes.<\/p>\n","protected":false},"author":1,"featured_media":0,"parent":0,"menu_order":0,"comment_status":"closed","ping_status":"closed","template":"","meta":{"neve_meta_sidebar":"","neve_meta_container":"","neve_meta_enable_content_width":"on","neve_meta_content_width":100,"neve_meta_title_alignment":"","neve_meta_author_avatar":"","neve_post_elements_order":"","neve_meta_disable_header":"","neve_meta_disable_footer":"","neve_meta_disable_title":"on","footnotes":""},"class_list":["post-8","page","type-page","status-publish","hentry"],"_links":{"self":[{"href":"https:\/\/solucaocomex.com.br\/index.php?rest_route=\/wp\/v2\/pages\/8","targetHints":{"allow":["GET"]}}],"collection":[{"href":"https:\/\/solucaocomex.com.br\/index.php?rest_route=\/wp\/v2\/pages"}],"about":[{"href":"https:\/\/solucaocomex.com.br\/index.php?rest_route=\/wp\/v2\/types\/page"}],"author":[{"embeddable":true,"href":"https:\/\/solucaocomex.com.br\/index.php?rest_route=\/wp\/v2\/users\/1"}],"replies":[{"embeddable":true,"href":"https:\/\/solucaocomex.com.br\/index.php?rest_route=%2Fwp%2Fv2%2Fcomments&post=8"}],"version-history":[{"count":28,"href":"https:\/\/solucaocomex.com.br\/index.php?rest_route=\/wp\/v2\/pages\/8\/revisions"}],"predecessor-version":[{"id":95,"href":"https:\/\/solucaocomex.com.br\/index.php?rest_route=\/wp\/v2\/pages\/8\/revisions\/95"}],"wp:attachment":[{"href":"https:\/\/solucaocomex.com.br\/index.php?rest_route=%2Fwp%2Fv2%2Fmedia&parent=8"}],"curies":[{"name":"wp","href":"https:\/\/api.w.org\/{rel}","templated":true}]}}